ate the greatest common divisor of n and 55.
5
Suppose 4*t - 2*t + 56 = 0. Let z = t - -56. Suppose -3*p - 5 = y, 4*p = 2*p - 6. What is the highest common factor of z and y?
4
Let a(r) = -12*r + 18. Let i be a(-11). Suppose 9*m + i = 12*m. What is the greatest common divisor of 10 and m?
10
Let k = 36 - 29. Suppose -k = -0*a - 3*a - 4*u, 8 = -4*u. Calculate the highest common factor of 2 and a.
1
Let p = 527 - 523. Calculate the greatest common divisor of p and 14.
2
Suppose -7*q + 112 = -5*q. Let p = 166 - q. What is the greatest common divisor of p and 22?
22
Let y(n) = -2*n + 8. Let d be y(-3). Let c(u) = 23*u + 1. Let f be c(1). Let x = f + 4. What is the greatest common divisor of d and x?
14
Suppose 280 = -r + 297. What is the highest common factor of 391 and r?
17
Let k be -2 - (-7 - 5/(-5)). Suppose 52 = -d + 5*d - k*l, -5*l = 10. Suppose -15*m + 24 = -d*m. Calculate the greatest common factor of 48 and m.
6
Let d(o) = 2*o + 30. Suppose 3*a + 3 = 2*m - 2*a, 0 = -4*m + 2*a - 34. Let t be d(m). What is the greatest common factor of 6 and t?
2
Let z be 234/10 + (-2)/5. Let o(j) = -2*j - 5. Let q be o(0). Let c be 2/q - 2772/(-30). What is the highest common factor of c and z?
23
Suppose 0*z - 3*i - 3 = 3*z, -5*z = -i - 25. Let b be -2 - (-55 + (3 - z)). Calculate the greatest common factor of b and 81.
27
Let f = -6 - -58. Let v(i) = i**2 - 3*i + 3. Let o be v(3). Let k be o/(-12) - (-106)/8. Calculate the greatest common divisor of k and f.
13
Let h(g) = 5*g + 67. Let t be h(-11). Suppose -3*i + 216 = i. Suppose -c - 2*c + i = 0. Calculate the greatest common divisor of t and c.
6
Suppose 0*f - 3 = -f. Suppose -4*s + 21 = 3*s. Let u be (-1)/(2 + s/(-1)). What is the greatest common divisor of f and u?
1
Let j(h) = -134 + 60 + 69 - 5*h. Let y be ((-30)/(-9) + -2)*-6. Let x be j(y). What is the greatest common divisor of 5 and x?
5
Suppose -3*h + 365 = -7*x + 2*x, 0 = 2*x - 4*h + 160. Let n = x + 80. Calculate the greatest common divisor of n and 110.
10
Let n = 491 + -421. Calculate the highest common divisor of n and 10.
10
Let z(d) = 10*d - 2. Let f be z(1). Let r = 21 + -20. Let h be 5 - f - (r - 8). What is the highest common factor of 10 and h?
2
Suppose a = -1 - 0. Let l(i) = -6*i. Let q be l(a). Suppose 5 = -u - 3*o, -4*u + 5 = -q*u - 5*o. Calculate the greatest common divisor of 20 and u.
10
Suppose -3*j = g + g - 54, 2*j - 17 = 5*g. Let y = -192 + 320. What is the highest common factor of j and y?
16
Let d be (-764)/(-36) - (-2)/(-9). Suppose l = s - 59, s - 4*l + 142 = 3*s. Calculate the highest common divisor of d and s.
21
Let i be 1/3 + (-4)/12. Suppose i*t - t + 18 = 0. Calculate the highest common factor of t and 6.
6
Let x(n) = 9*n - 51. Let i be x(9). Calculate the greatest common factor of 390 and i.
30
Let f be -4 - (-4 + 0/4). Suppose -u + 0*u = f. Let i be u - -8 - 2/(-2). What is the greatest common factor of 3 and i?
3
Let l = 15 + -10. Suppose 5*h - 190 = -l*m, 3*h - 3*m = 2*m + 82. What is the greatest common factor of h and 136?
34
Let g be (-627)/(-27) - (-46)/(-207). What is the highest common divisor of g and 184?
23
Let r be -3 + -1 + (-48)/(-60)*160. What is the greatest common factor of 31 and r?
31
Suppose 292 = -8*n + 2660. Suppose -4*r + 3*r + 37 = 0. Calculate the highest common divisor of n and r.
37
Let n be (1 + -7 - -74) + 2. Calculate the highest common divisor of 175 and n.
35
Let p(g) = 8*g**3 - g. Let c be ((-36)/(-54))/((-4)/(-6)). Let u be p(c). Calculate the greatest common divisor of u and 21.
7
Let b(i) = -i**3 + 1 + 9*i**2 + 8*i - 9 - 4*i**2. Let v be b(6). Suppose 0 - v = -a. Calculate the greatest common divisor of 44 and a.
4
Suppose -585 = -c - 3*g + 468, 4*g = 5*c - 5246. What is the highest common factor of c and 42?
42
Let d = -410 + 411. Calculate the highest common divisor of d and 1.
1
Suppose 74 - 15 = 5*v + 2*p, 4*v - 61 = 3*p. What is the greatest common divisor of v and 13?
13
Suppose -u - 3*u + 176 = 0. Let k(d) = d**2 + 11*d - 9. Let g be k(-14). Calculate the greatest common factor of u and g.
11
Suppose -7*a + 2*q = -5*a - 54, 52 = a + 4*q. What is the highest common divisor of 72 and a?
8
Suppose t - 2*k = -3*k, -t + 4 = 3*k. Let m(l) = l**3 + 5*l**2 + 4*l + 4. Let f be m(t). Let d = 1 + 0. What is the highest common divisor of f and d?
1
Suppose -9 - 4 = 3*h - 4*q, 3 = h - 5*q. Let b = h + 16. Suppose 0 = 6*r - r - 180. What is the highest common factor of r and b?
9
Let a(r) = 2*r**2 - 6 + 2 - 2*r**2 + r + r**2. Let x be a(-4). Calculate the greatest common factor of 8 and x.
8
Suppose -4*j = -9 - 7. Suppose -11 = f - 2*f - t, t = -j*f + 56. What is the highest common factor of 135 and f?
15
Let q(v) = -v**2 - 17*v + 7. Let n be q(-18). Let l be (3 - (64/(-4))/(-4))*n. Calculate the highest common factor of l and 220.
11
Suppose 0 = -0*a - a + 5*j + 9, 0 = -3*a + 3*j + 3. Let c(b) = 173*b**2 + 1. Let m be c(a). Let k = -75 + m. What is the greatest common factor of k and 11?
11
Let w = -10 - -46. Let u = 24 - w. Let l = 3 - u. What is the highest common divisor of l and 90?
15
Let v(f) = 2*f**2 + 15*f - 89. Let y be v(-13). What is the greatest common factor of y and 270?
54
Let s(y) = y**3 + 2*y**2 - 4*y + 2. Let t be s(2). Suppose 1 = -3*g + t. Suppose -4*c + 385 = g*c. What is the greatest common factor of 5 and c?
5
Let k = -210 - -248. Calculate the highest common factor of k and 817.
19
Let x = -188 + 212. Calculate the greatest common factor of x and 3.
3
Suppose -4*r - r = 25, -d + 2*r = -210. Suppose -2080 = g - 27*g. What is the greatest common factor of d and g?
40
Let u(a) = a**3 - 3*a**2 + 3*a - 4. Let f be u(3). Calculate the highest common divisor of 10 and f.
5
Let b = -19 + 21. Suppose 2*c + 3*p - 543 = 0, -c + 235 = b*p - 37. What is the highest common divisor of c and 30?
30
Suppose 2*j + 5*i + 11 - 165 = 0, i + 231 = 3*j. What is the greatest common factor of 407 and j?
11
Let x(c) = -9*c + 115. Let w be x(6). Calculate the highest common factor of 61 and w.
61
Suppose 5*m + i = 407 + 389, 2*m = 5*i + 340. Calculate the greatest common factor of m and 60.
20
Let u(x) = x + 1. Let p(v) = -17*v. Let z(t) = -p(t) + 2*u(t). Let d be z(1). Calculate the highest common divisor of d and 105.
21
Let g be (-6)/2*(-32)/(-24). Let h be ((-90)/40)/(1/g). Calculate the greatest common divisor of h and 6.
3
Let d = 12 + 3. Let j = 15 - d. Suppose -2*g + 2 + 0 = j. What is the highest common factor of g and 2?
1
Let o be 2 + -6 - (-2400)/12. What is the highest common divisor of 20 and o?
4
Suppose -7 = 7*v - 21. Let x be 8/v + (-4)/(-2). What is the greatest common divisor of x and 15?
3
Let o be (-66)/21 + 4/28. Let m be 14*(1 - o/(-6)). Let t be m*((-2 - -3) + 1). Calculate the greatest common divisor of 126 and t.
14
Suppose 2*k + d = 5, -d + 12 = -3*k + 27. Suppose -4*y = -y + b + 8, 2*b = -k. Let z be y*(2 + 28/(-8)). What is the greatest common divisor of z and 24?
3
Suppose 0 = -4*i + 12. Suppose 4*k = 4, 0 = -r - 2*r - i*k + 90. Suppose 339 = y - 4*f, -y - f = 128 - 442. What is the greatest common divisor of r and y?
29
Let q be (-105)/(-63) - (-230)/6. Suppose -w - 14 = -q. What is the greatest common factor of 91 and w?
13
Let s be (-1)/2 + (-73)/(-2). Suppose -545 - 715 = -2*z. Suppose 12*n - z = 5*n. Calculate the greatest common factor of s and n.
18
Let i(s) = -1 + 0*s**3 - 3*s - s**3 - 27*s**3 - 3*s**2 + 0*s**2. Let z be i(-1). What is the greatest common divisor of 297 and z?
27
Let d(v) = v**3 - 37*v**2 - 40*v + 84. Let k be d(38). Suppose -2*u + 40 = 3*u. Calculate the highest common divisor of u and k.
8
Suppose 0 = s + s - 6, 0 = 3*o + s - 153. What is the greatest common factor of 20 and o?
10
Let n be 6*(12/9 - 0). Suppose -n*o + 90 = -3*o. Let y be 18/(-63)*-1*7. What is the highest common divisor of o and y?
2
Let q(t) = -t**3 + 15*t**2 - 19*t - 31. Let c be q(13). What is the highest common factor of c and 48?
12
Suppose 5*o = 4*o + 22. What is the highest common divisor of 55 and o?
11
Let o be 4/(-6)*6/(-4) + -1. Suppose o = -r + 4*r - 60. Calculate the highest common factor of 100 and r.
20
Suppose -44 - 138 = -7*a. What is the greatest common divisor of a and 221?
13
Let q(j) = -2*j**3 - 18*j**2 - 3*j + 14. Let u be 11/((-77)/(